 w?
49
Let u(m) = 3*m + 24. Let k be u(40). What is the highest common divisor of 1104 and k?
48
Let b be (-1*2/8)/(6/(-24)). Let h be 99/(b*-3)*(-148)/12. What is the highest common factor of 37 and h?
37
Let n(c) = c**2 + 2*c + 12. Let i(b) = -b**3 - 18*b**2 - b - 18. Let h be i(-18). Let l be n(h). What is the greatest common factor of l and 132?
12
Let n = 901 - 533. What is the highest common factor of 16 and n?
16
Suppose 0 = -10*t + 19 + 21. Let s(p) = 3*p**2 + p + 7. Let k be s(-5). Let o = -49 + k. What is the highest common factor of t and o?
4
Let j = -326 + 407. What is the highest common factor of 27 and j?
27
Suppose 3 = 2*a - 3*h - 17, 3*a - 5*h - 29 = 0. Calculate the highest common divisor of a and 143.
13
Let c be 24/(-32) + (-526)/(-8). What is the highest common factor of 520 and c?
65
Suppose 2*s - 2*u - 14 = 3*u, -2*s - 2 = 3*u. Let c = s - -37. What is the highest common factor of 13 and c?
13
Let v = 582 + -447. What is the highest common divisor of 225 and v?
45
Suppose 4*v - 259 = 61. Calculate the highest common factor of 260 and v.
20
Let l be 146 + 1/(-3*(-2)/(-24)). What is the highest common factor of l and 213?
71
Let i = 1623 - 1231. What is the highest common divisor of 147 and i?
49
Suppose -5*a = 3*s + 136, 2*a + 5 = 13. Let g be s/(-3) - 18/(-27). Calculate the greatest common divisor of g and 90.
18
Suppose -58 = -3*l + 65. Calculate the greatest common factor of 1025 and l.
41
Let i(s) = 7*s**2 - 1. Let l be i(-1). Suppose l*a - 3*a = 51. Let g be 2/5 + 3569/215. Calculate the greatest common factor of a and g.
17
Let s be (-126)/(-4)*(-6)/(-9). Calculate the highest common divisor of s and 9.
3
Let w be 1/((-2)/814*1). Let t = 227 + w. Let x be t/(-22) + 2/(-11). What is the greatest common divisor of x and 2?
2
Let b = 225 - 134. Calculate the highest common divisor of b and 13.
13
Suppose 4*n = -5*t + 7 + 187, -5*t - 5*n + 190 = 0. What is the greatest common divisor of 21 and t?
21
Let y be 36 - 2/2*0/(-1). Let t(h) = -11*h - 5. Let r be 186/(-26) + 8/52. Let z be t(r). What is the greatest common divisor of y and z?
36
Let d(t) = -7*t + 1. Let g be d(1). Let b(n) = 2*n**2 + 8*n + 9. Let a be b(g). Suppose -5*z + 47 = -a. What is the greatest common factor of 128 and z?
16
Let s = -25 + 38. Suppose 1871 - 155 = 12*k. What is the greatest common divisor of k and s?
13
Let h(a) = a**3 - 10*a**2 + 18*a + 5. Let i be h(8). Calculate the greatest common factor of 21 and i.
21
Suppose 62*s - 1932 = -444. Calculate the highest common divisor of 40 and s.
8
Let i = -24 - -43. Let b = 105 - i. Let m = -2 + b. What is the highest common divisor of 12 and m?
12
Let h(y) = -4*y + 1 + 1 - 6. Let x be h(-2). Let q be (-6)/(-15) + 218/5. Calculate the greatest common factor of q and x.
4
Let r = 24 - 12. Suppose 15 = 3*b, 3*q + 3*b + r = 75. Let f(i) = i**3 + i + 40. Let y be f(0). What is the highest common divisor of y and q?
8
Suppose -s = -2 - 14. Suppose -x - x = -s. Suppose 1069*h - 1074*h - 3*w + 289 = 0, 0 = -h - 2*w + 62. Calculate the highest common divisor of x and h.
8
Let l = 210 + -94. Suppose -104 - l = -5*d. Suppose -58*j - 330 = -73*j. Calculate the greatest common factor of j and d.
22
Suppose u - 2*f - 207 - 25 = 0, -2*u + f = -467. Let d be 42/(-105) + u/10. What is the highest common factor of d and 23?
23
Let y(u) = -4*u + 75. Let q be y(16). Suppose 0 - 22 = -2*c. Calculate the highest common divisor of q and c.
11
Let f(r) = 296*r - 51. Let q be f(1). Calculate the highest common divisor of 147 and q.
49
Let r be -12*(0 + (-24)/9). What is the highest common factor of r and 56?
8
Suppose 210 = 44*p - 38*p. Calculate the highest common divisor of p and 35.
35
Let x be (-6 - -42)*4/6. Suppose q - 17 = -5. What is the greatest common factor of x and q?
12
Suppose -6*z + 8*z = -3*s + 1707, -12 = -4*z. Calculate the greatest common factor of 63 and s.
63
Let t = 55 + -53. Suppose 2*d + a - 16 = -0*d, 0 = a + 4. What is the greatest common divisor of d and t?
2
Let h(t) be the second derivative of t**4/12 + t**3 + 4*t**2 + 7*t. Let v be h(-6). What is the highest common divisor of v and 32?
8
Suppose -3*t - t + 3*m + 688 = 0, -4*m = 4*t - 716. What is the highest common divisor of 56 and t?
7
Suppose -2*c = 3*r - 5*r - 50, -3*c - 4*r = -82. Calculate the greatest common factor of c and 6.
2
Let y(f) = f**3 + 6*f**2 - 5*f - 9. Let h be y(-6). Let b be -4*h*8/(-12). Let l be (-2)/(-3)*42/4. What is the highest common divisor of b and l?
7
Let a = 94 + 379. Suppose 3*g - 136 - a = 0. Let k(s) = s**3 + 7*s**2 - 11*s + 5. Let j be k(-8). Calculate the greatest common factor of g and j.
29
Let l be (-100)/(-60) - (-1 - 5/(-3)). Calculate the greatest common factor of 2 and l.
1
Let l be -10*(-2)/4 + 940. Calculate the highest common factor of l and 105.
105
Suppose -2*i + 0*i + 8 = p, 0 = 4*p - 4*i - 56. Suppose -30*z = -27*z - p. What is the highest common divisor of z and 20?
4
Let s be (-48)/(-60)*690/12. What is the greatest common divisor of s and 4?
2
Suppose 0 = f - 1 - 1. Let h(q) = 10*q**3 - 3*q**2 + 4*q - 3. Let x be h(f). Let t = x - 33. Calculate the greatest common divisor of t and 8.
8
Suppose 0 = 2*f + 3*y - 112, 0*f - 2*f + 112 = -4*y. Let t(o) = -o - 19. Let g be t(-41). Let c = f - g. Calculate the greatest common divisor of 17 and c.
17
Let n(s) = 31*s - 3. Let g be n(5). Let h be 0*(-1 + (-9)/(-6)). Suppose -3*i - 3*a = -h*a - 42, 2*i = 5*a + 63. What is the greatest common factor of g and i?
19
Let l(q) = 5*q + 1 - 6*q - 4 + 0*q. Let h be l(-4). Let v be (4/(-8) + h)*84. Calculate the highest common factor of 21 and v.
21
Let g = 76 - 64. Calculate the greatest common divisor of 20 and g.
4
Let a be (20/(-4))/5 + (38 - 21). Calculate the greatest common divisor of a and 1016.
8
Suppose v = 3*u - v, 0 = -v. Suppose k = 4*c - 11, c - 3*c + k + 3 = u. Suppose c*f = 11 + 13. Calculate the greatest common divisor of 3 and f.
3
Let q = 5 + 1. Suppose -4*h - q - 34 = 0. Let y = 17 - h. What is the highest common divisor of 216 and y?
27
Suppose 2*s - 6*n + 2*n - 18 = 0, -4*s - n + 18 = 0. Let o = 20 - 15. Let f(x) = 7*x + 10. Let j be f(o). Calculate the greatest common divisor of j and s.
5
Let o = -10 - -21. Let b be (-3)/(-3)*(1 - -1). Suppose 2*j - b*c - 18 = 0, -7*j - 3*c = -2*j - 61. Calculate the greatest common factor of o and j.
11
Let b(v) = -134*v - 15. Let d be b(-17). Calculate the greatest common factor of d and 31.
31
Let z(p) = -200*p - 10. Let w be 1/((-5)/15) - 2. Let d be z(w). Suppose -4*r + d = r. Calculate the highest common divisor of 18 and r.
18
Let a = 8 - 5. Suppose 5*o - 3*n - 2*n - 580 = 0, -a*n = -12. Let i be 2 + 19 + ((-24)/(-4) - 3). What is the greatest common factor of o and i?
24
Let x(p) = p**3 + 12*p**2 + 9*p - 14. Let t be x(-10). Suppose -10*g + 96 = -2*g. What is the highest common factor of g and t?
12
Let v(p) = -p**2 - p + 10. Let c be v(2). Suppose z - 13 - c = 0. What is the greatest common divisor of 51 and z?
17
Suppose u + 4 = -5*n, -n + 0*u - 4*u - 16 = 0. Suppose n = -6*q + 180 + 90. Calculate the highest common factor of q and 9.
9
Let r(h) = -7*h + 1. Let n be r(-2). Let s be (-630)/36 + 14 + (-38)/(-4). What is the greatest common divisor of n and s?
3
Let i = -16 + 30. Suppose 5*u - 195 = 2*u - 5*r, -4*r - 12 = 0. Calculate the greatest common factor of u and i.
14
Suppose 2*x - 5*z + 3 = 0, -3*x + 5*z + 9 = x. What is the greatest common factor of x and 294?
6
Let g be 2 - 0 - -10*2. Let n(i) = 109*i**2 + 8*i + 9. Let v be n(-1). What is the greatest common factor of v and g?
22
Let p be (-6*1/(-2))/(3/2). Suppose 0 = -p*l + 18. What is the greatest common factor of 12 and l?
3
Let j(d) = 548*d - 17. Let w be j(2). Calculate the greatest common divisor of w and 13.
13
Let y be (1 + -4)/(2/(-2)). Let d be y/9 + (-208)/(-6). Let o be (6/(-96)*14)/(4/(-32)). Calculate the highest common divisor of o and d.
7
Suppose -4*n - 5*p = -569, n - 282 = -n - 2*p. Calculate the greatest common divisor of 34 and n.
34
Suppose -30*u + 36*u = 12. Calculate the highest common divisor of 22 and u.
2
Suppose -17*d + 418 = -143. Suppose -6*z = -4*z - 44. What is the highest common divisor of z and d?
11
Suppose -5*v = -2*v - 36. Let i = -8 + v. What 